-1104)/((1 + -2)/(550/100)). Calculate the greatest common divisor of 1840 and q.
184
Suppose 3*x + f = -2*x + 1006, -f + 202 = x. Suppose 48*z - 44*z = 268. Calculate the highest common factor of z and x.
67
Let i = 14733 + -13878. Calculate the highest common factor of 1330 and i.
95
Let z(u) be the third derivative of u**5/60 + u**4/12 - u**3/3 + 25*u**2. Let d be z(2). What is the greatest common factor of d and 18?
6
Suppose -2495 = -20*j + 3085. Calculate the greatest common factor of 155 and j.
31
Let s(w) = -19*w**3 - w**2 - 5*w + 5. Let f be s(2). Let l = -96 - f. Suppose -l = t - 81. Calculate the highest common divisor of t and 128.
16
Let d(r) = -28 + 35*r + 7 - 26 - 28. Let q be d(5). What is the greatest common factor of q and 20?
20
Suppose -10 = -4*r + 2. Suppose -r*g + 169 - 34 = 0. Suppose 3*x - 3*o = g, -3*x + 4*o = 18 - 58. Calculate the highest common divisor of x and 20.
20
Let j(k) = 48*k - 1056. Let l be j(24). What is the highest common factor of 608 and l?
32
Let l(k) = 3*k**2 + 16*k + 6. Let d be l(-6). Let t = d + 38. Calculate the greatest common factor of t and 196.
28
Suppose 5*k - 3*i - 12 = 0, -4*i = -14*k + 11*k + 5. Suppose -k*n = 2*p - 101, -77 = -3*n + 3*p + 19. What is the highest common divisor of n and 33?
33
Suppose 104 + 586 = 5*k. Let l = k + 214. Calculate the highest common factor of 32 and l.
32
Let x be 129 + 2870/(-490) + 3/(-21). Suppose -c + 14 = -27. What is the greatest common factor of c and x?
41
Let v(a) = -46*a - 20. Suppose -2*c - r = 4, 8 = -4*c - 0*c + 3*r. Let h be v(c). Calculate the highest common factor of 180 and h.
36
Let r(s) = 597*s + 505. Let f be r(1). Calculate the greatest common factor of f and 152.
38
Suppose 6 = -m - 3*l + 2, 4*l + 22 = 2*m. Let h be 3 - -7 - m - (-70 + -5). What is the highest common divisor of 60 and h?
20
Suppose 0 = -3*h + 13 + 32. Let x be 5 - (-2041)/(-9) - 2/9. Let b = x + 231. What is the greatest common divisor of b and h?
3
Let x be ((-11)/(-3))/((-5)/15). Let p = x - -37. Suppose p + 106 = u. What is the greatest common factor of 12 and u?
12
Suppose -10*m + 8 = -11*m - 4*q, -4*m = -3*q - 63. Suppose -24 = -3*w + 6. Suppose -465 = -3*r + y, w = 5*y - 5. Calculate the highest common factor of r and m.
12
Let p(d) = 66*d + 539. Let j be p(-8). What is the greatest common factor of 1837 and j?
11
Let c be (-1 - (3 - -18))*420/(-385). Let t = -151 - -283. What is the highest common factor of t and c?
12
Let m = 160 - 101. Let p = -47 + m. Let b = p + -7. Calculate the greatest common factor of b and 5.
5
Suppose -w + 99 = 2*q + 2*q, -5*w - q = -400. Let m = -76 + w. Let p(j) = 32*j + 6. Let f be p(m). What is the greatest common divisor of f and 17?
17
Suppose 4*m + 2*s = 14, -5*s + 24 = -0*m - m. Let v(a) = 154*a + 6. Let z be v(m). What is the greatest common divisor of 30 and z?
10
Suppose -4*m - 12 = -7*m. Suppose m = -2*y - 4, -2*y = 2*j + 16. Let o be 4*(-73)/(-16) - 3/j. What is the highest common divisor of o and 152?
19
Let w(u) = 3*u**2 + 5*u - 10. Let n be w(-13). What is the highest common factor of 64 and n?
16
Let j(l) = 18*l**2 - 21*l + 76. Let m(f) = -2*f - 1. Let k(n) = j(n) + 2*m(n). Let t be k(3). What is the highest common divisor of 23 and t?
23
Let l be ((-63)/210*-2)/(2/120). Calculate the highest common divisor of 136 and l.
4
Suppose -4*q + 2*y + 33 = -99, 2*q - 54 = -5*y. Let x be 56*(-4)/(q/(-6)). Let k = 20500 - 20479. What is the highest common divisor of k and x?
21
Let l be 3/5 - (-2)/5. Let b = 13 + l. Let w = -1066 + 1108. What is the greatest common divisor of w and b?
14
Suppose 5*c - 4*q - 556 = 0, 5*q - 75 + 203 = c. Calculate the greatest common factor of 138 and c.
6
Let q(a) = -a**3 + 17*a**2 + 17*a + 29. Let g = -118 + 136. Let t be q(g). Calculate the highest common factor of t and 407.
11
Let u(x) = -4*x**2 - 4*x - 14 + 3*x**2 + 37. Let n be u(-7). Let b be 10/4*32/10*n. What is the greatest common divisor of b and 40?
8
Let q be -1 + (53/(-4))/((-16)/(-2112)). Let i be q/(-40) + ((-15)/(-12) - 1). What is the highest common divisor of i and 550?
22
Suppose -23*z = -3339 - 1353. What is the highest common divisor of z and 72?
12
Let j = 114 + 1310. Calculate the highest common factor of j and 89.
89
Suppose -3 + 8 = 5*i, -4*u + 2*i = -2. Suppose 58 = 4*p - 3*l - 22, -p = 5*l - 20. Suppose -19*w + 156 = p*w. Calculate the highest common divisor of u and w.
1
Let u(x) = 3*x**3 + 10*x - 15 + 2*x**3 - 4*x**3 + 5*x - 4*x**2. Let i be (21/9 + -2)*18. Let a be u(i). What is the greatest common factor of 21 and a?
21
Suppose 89*h - 92*h - 12 = 4*o, -3*h - 2*o - 12 = 0. Let y be (h + (-176)/(-80))/((-6)/40). What is the highest common divisor of 102 and y?
6
Let b be (24*-504)/7*6/(-6). What is the highest common factor of 135 and b?
27
Let n be -21144*(-9)/24*(-10)/(-5). Let h be n/72 - 1/4. Calculate the highest common divisor of h and 140.
20
Suppose -87*g - 2*b + 558 = -91*g, 139 = -g + b. Let q be ((-1368)/(-28))/3 + 40/g. Let w = -467 + 675. Calculate the highest common factor of q and w.
16
Let n = -245 + -43. Let l = n - -452. Let u = l - 109. Calculate the greatest common divisor of u and 44.
11
Suppose -4*r = -2*w - 128, 3*r = -2*r + 2*w + 162. Let n = -38 + r. Let p be 0/((-4)/n) - (-57)/3. What is the highest common divisor of p and 133?
19
Let h = 1335 - 1005. Suppose 334*y - 323*y - h = 0. What is the highest common divisor of y and 450?
30
Let v = -12016 + 12157. What is the highest common factor of 6439 and v?
47
Suppose -5*w - 423*s + 427*s + 792 = 0, 0 = 2*s + 6. What is the highest common factor of w and 5811?
39
Suppose 0 = -3*o + 2*n - 180, 7*o + 120 = 5*o - 5*n. Let x = 18 - o. What is the highest common divisor of x and 13?
13
Suppose 30 = z - 4*q - q, 2*z = 4*q + 78. Let i be 17008/(-26) - 6/(-78)*2. Let m = -624 - i. What is the greatest common divisor of m and z?
15
Let v be 4/1 + 144/(-216) + (-35)/(-3). Calculate the greatest common factor of v and 138.
3
Suppose -2*v + 4*c - 16 = 0, -4*v + 3 - 2 = 3*c. Let x be 7/v*700/(-49). Let j be (32/20)/(4/x). What is the greatest common factor of 4 and j?
4
Let y = -10 - 98. Let c be y/(-8)*(-16)/12. Let k = c + 23. What is the highest common factor of 45 and k?
5
Let r = -432 - -440. Suppose 2*l = -3*f + 308, 4*f - l = -6 + 402. Let h = f - 28. Calculate the greatest common divisor of h and r.
8
Suppose 0 = -8*b + 961 - 881. Calculate the highest common factor of 44 and b.
2
Suppose z = -3*z + 5*u + 314, 5*u - 253 = -3*z. Let r = z - 75. Calculate the greatest common factor of 201 and r.
3
Let q be (-303)/(-27) - (-2)/(-9). Suppose -q*i = -14*i + 126. Suppose -2*c + t + 126 = -t, 0 = -c - 3*t + 63. What is the highest common factor of i and c?
21
Let x be 3*-2*(3 + 11/(-3)). Suppose 8 = -4*m, 1 = -s - x*m - 0*m. What is the highest common divisor of s and 70?
7
Let v = -23 + 239. Suppose -11*k - 40 + v = 0. Suppose 5*u + 4*d = 100, 5*d + 7 + 18 = 0. Calculate the highest common factor of u and k.
8
Suppose -4*q = 2*n + 12, 0 = -q - 3*q - 20. Suppose -20 = n*u - 32. Suppose 14 = -u*c + 20. What is the highest common factor of 10 and c?
2
Suppose -75*o + 10*o + 95810 = 0. What is the highest common factor of 1206 and o?
134
Let i be -2 - (-1 + 2) - -6. Let p be (-44)/((-3)/i + 0). Let t = p - 30. What is the highest common divisor of t and 42?
14
Let z = -50 - -54. Suppose -z*u + 17 = 5. Suppose -2*k - 69 = -u*k. Calculate the greatest common divisor of 46 and k.
23
Let m be (1253/(-35) - -1)/(-7 + (-174)/(-25)). Suppose 0 = -5*g - n + 51, -5*n + 45 = 3*g + g. What is the highest common factor of g and m?
10
Suppose 5*z - 3295 = -5*f, -5*f - 2699 = -7*z + 3*z. Calculate the greatest common divisor of z and 108.
18
Suppose 4*t + 79 = -5*a - 0, -a - 20 = t. Let d be 2/21 + (-7936)/t. What is the highest common factor of 14 and d?
14
Let v = 239 + -67. Let a be (-4)/(-10)*-30*(-305)/15. Let x = a - v. Calculate the greatest common factor of 24 and x.
24
Let s = -24587 - -24604. Calculate the greatest common divisor of 16 and s.
1
Let w(v) = 5*v**2 - 207*v + 298. Let t be w(40). What is the greatest common factor of 28 and t?
2
Suppose -3*b = 223 - 235. What is the greatest common factor of b and 3364?
4
Suppose -5 = -4*v + 5*y, 4*y - 5*y - 1 = 